3*p. Let u(y) = -y**3 + 2*y**2 + y + 3. Let z be u(p). Suppose -21 = 8*q + z. Let k(n) = -n**3 - n**2 - 4. Determine k(q).
14
Let a(p) = -42*p - 33*p - 38*p + 166*p - 54*p - 25. What is a(-25)?
0
Let y be (-3 - -2)/((-8)/32). Suppose 2 = y*v - 6. Let z(n) be the first derivative of -n**2/2 + 303. Calculate z(v).
-2
Let l(w) = -w**2 - 5*w + 5. Let m be (-33)/(-44)*(-16)/(-6). Let t be (-4)/(-6)*(-6)/m. Let f = -6 - t. Calculate l(f).
9
Suppose 2*h - 65 = -55. Suppose -8 = -2*d + 4*i, h*i - 48 = -5*d + 2. Let s(v) = v**3 - 7*v**2 - 8*v - 11. What is s(d)?
-11
Let g(y) = y - 5. Let d = 194 - 194. Let p be ((6 - 7)*d)/1. Calculate g(p).
-5
Let b(v) = -36*v**2 - 7. Let k(u) = 29*u**2 + u + 5. Let n(f) = -4*b(f) - 5*k(f). What is n(-7)?
-11
Let q(v) = 11*v**3 - 6*v**2 + 16*v. Let c(m) = 36*m**3 - 18*m**2 + 48*m. Let n(y) = -4*c(y) + 13*q(y). Determine n(-8).
0
Let x(j) = 26*j**3 - 2*j**2 + 11*j - 12. Let z(f) = -109*f**3 + 9*f**2 - 46*f + 50. Let w(o) = 21*x(o) + 5*z(o). Let c = -5 - -3. Calculate w(c).
0
Suppose -4*n + 18*n = -61 + 523. Let m(a) = a**2 - 34*a + 37. Determine m(n).
4
Suppose -80 = 4*a + r, a + 1 = -r - 4*r. Let v = 55 + a. Let b(f) = 1 + 35*f + 34*f + v*f - 104*f. Give b(0).
1
Let a(o) = o**3 + 5*o**2 + o - 1. Let g(w) = -7*w**3 + 2*w**3 - 9 - 15*w + 5*w + 6*w**3 + 5*w**2. Let x be g(-6). Suppose 0 = 8*b + 1 + x. Calculate a(b).
9
Suppose 9 = -3*a + 5*v + 4, 4*a = 5*v. Suppose a = -z + 3. Let k(d) = d**3 + 3*d**2 + 2*d - 2. What is k(z)?
-2
Suppose -3*w - 58 = 5*p, 2*w + 3*p - 422 = -463. Let o(b) = -b**3 - 30*b**2 + 36*b + 102. Give o(w).
-53
Let k(v) = -v - 6. Let i be k(0). Let d(t) be the first derivative of t**3/3 + 2*t**2 + t - 2205. Calculate d(i).
13
Let q(a) = -27*a + 101. Let p = -9054 - -9058. What is q(p)?
-7
Let u(w) = -58*w**2 - 2*w. Let l be u(-1). Let z = l - -59. Let g(p) = 3 + p**z + 0 + 0*p**2 - 2*p**3 - 3*p**2. Determine g(-3).
3
Let h(p) be the first derivative of -1/4*p**4 + 2*p - 67 + 2*p**3 - p**2. Determine h(5).
17
Let o(k) be the second derivative of k**4/12 - 13*k**3/6 + 3*k**2 - 10982*k. Give o(12).
-6
Let o(g) be the third derivative of -g**4/24 + 5*g**3/6 - 112*g**2 - 2*g + 9. Let y(v) = v**3 - 5*v**2 - 5*v + 2. Let t be y(6). Give o(t).
-3
Let i(s) be the first derivative of -72 - 3*s - 1/2*s**2. Give i(-4).
1
Let f = -30 + 20. Let v(g) = 6*g**3 - 9*g**2 - g + 1. Let k(p) = 11*p**3 - 27*p**2 + 9*p + 2. Let r(l) = -k(l) + 2*v(l). Determine r(f).
10
Let k(s) = 5. Let v(x) = -4*x - 5. Let n(g) = -5*k(g) - v(g). Calculate n(9).
16
Let c(s) = -s. Let p = 410 + -400. Suppose p*n + 26 = -3*n. Give c(n).
2
Let q(j) be the third derivative of -3*j + 1/6*j**5 + 0 - 2*j**3 + 1/120*j**6 - 1/12*j**4 + 10*j**2. Determine q(-10).
8
Let j be (3 - (-62)/(-8)) + (-3)/12. Let r(a) = -3*a**3 + 14*a**2 - 7*a + 8. Let v(y) = -4*y**3 + 16*y**2 - 10*y + 8. Let g(w) = -5*r(w) + 4*v(w). What is g(j)?
-8
Let a(d) = d**3 + 14*d**2 + 32*d + 2. Let u be a(-11). Let k(s) = u*s + 6*s - 4 - 23*s. Determine k(-4).
12
Let c(p) = 4*p**2 + 30*p + 1. Let l(t) = 145*t - 877. Let x be l(6). Give c(x).
-13
Suppose -27*j + 16 = -19*j. Let z(i) = -i + j*i**2 + 1 + 2 + 2*i**3 - 3. What is z(2)?
22
Let u(y) = y**2 - 4*y - 4. Let a(d) = -d**2 + 10*d - 10. Suppose -7 = -o + 2*w, -5*o + 5*w - w = -17. Let n be (o - (-3)/9)*6. Let m be a(n). What is u(m)?
8
Let t(a) be the second derivative of a**5/20 + 4*a**4/3 - 19*a**3/3 - 45*a**2/2 - 7*a + 58. Determine t(-18).
-9
Let n(x) be the second derivative of -x**5/20 - 13*x**4/6 + 11*x**3/2 + 163*x**2/2 - 8450*x. What is n(-27)?
1
Suppose -7*q + 15*q - 16 = 0. Let m(b) = 2*b - b**3 - 848 - b**q + 848. Let i be 4/8 - 5/2. Give m(i).
0
Let s(v) = -11*v + 25. Let g(j) = 11*j - 19. Let m(w) = -5*g(w) - 4*s(w). What is m(-6)?
61
Let v be 6/(-4)*-1*8/6. Let r(x) = 78*x**2 - 77*x**2 - 6 - v - 2 - 8*x. Determine r(9).
-1
Let t(i) be the first derivative of i**4/12 - 7*i**3/6 + 3*i**2 + 15*i - 22. Let h(d) be the first derivative of t(d). What is h(7)?
6
Let g(d) = 4. Let i(t) = 84*t - 33. Let l(z) = 7*g(z) + i(z). Let a(m) = -17*m + 1. Suppose u + 2 = -0. Let q(j) = u*l(j) - 11*a(j). What is q(1)?
18
Let m(x) = 15*x - 2. Let v = 5 - 18. Let s(u) = 7*u - 1. Let t(w) = v*s(w) + 6*m(w). Suppose -5*k = -a - 13, 0 = k + 4 - 8. Give t(a).
-6
Let y(k) be the second derivative of k**4/12 - k**3/6 - 5*k**2/2 + 10*k - 4. Suppose -3*s - c = -0*c - 19, 0 = 5*c - 20. What is y(s)?
15
Let r = 817 + -816. Suppose -2*w = 3*b - r, 18*w = 15*w + 2*b - 5. Let s(y) = -41*y. Determine s(w).
41
Let f(g) = -12 + 0 - 8968*g + 8981*g. Give f(1).
1
Let t(w) = 18*w**3 - 8*w**2 - 42*w + 24. Let b(m) = -7*m**3 + 6*m**2 + 21*m - 11. Let y(q) = -5*b(q) - 2*t(q). Determine y(-12).
-29
Let w be 19/1 + (-12)/4. Let k(p) be the second derivative of -p**5/20 + 5*p**4/4 + 17*p**3/6 - 13*p**2/2 + 361*p. Give k(w).
3
Let x(p) be the second derivative of -p**4/12 - 5*p**3/2 + 13*p**2/2 - 485*p. What is x(-16)?
-3
Let d(p) = -6*p**2 - p - 2. Suppose -2*c + 5*i + 20 = 0, 5*c + i - 67 = 5*i. Suppose 13*y - c*y + 7 = z, -y = -4*z - 8. Determine d(z).
-7
Let b(d) be the second derivative of 5*d**3/6 - 26*d**2 - 11*d - 42. Calculate b(6).
-22
Let b(s) = 2*s + 28. Let k(n) = 2*n - 8. Let m be k(-5). Let i be b(m). Let a(g) = g**2 + 7*g - 7. Give a(i).
1
Let f(r) = -9*r**3 - 56*r**2 - 47*r - 16. Let b(q) = 4*q**3 + 28*q**2 + 24*q + 7. Let t(a) = 5*b(a) + 2*f(a). What is t(-13)?
3
Let w(y) be the first derivative of y**3/3 + y**2/2 - 9*y + 520. What is w(-4)?
3
Let v(t) be the third derivative of t**5/15 + 3*t**4/2 - 14*t**3/3 + 13253*t**2. Give v(-10).
12
Let n(g) = -g**3 + 8*g**2 + 7*g + 13. Suppose -c + i = -78, i + 395 = 5*c - 3*i. Let k be 3290/(-47) - 4/1. Let t = c + k. Determine n(t).
-5
Let k(q) = 7*q - 1. Suppose 9*t - 7*t = 18. Suppose -2*v - 3*z - t - 1 = 0, 5*z = -4*v - 16. What is k(v)?
6
Let k(r) = -9*r**3 - 2*r**2 - 6*r - 17. Let v be k(-3). Let g(d) = 427 - 213 - v - d. Give g(-7).
-5
Let d(q) = q**3 + 10*q**2 + 23*q - 9. Suppose -l - 2 = 0, -4*l - 17 + 15 = -r. Give d(r).
-3
Let x(b) = 2*b**2 - 38*b + 40. Let t be x(18). Let q be t + (-1)/((-2)/202). Let l = q - 111. Let i(f) = f**3 + 5*f**2 - 6*f - 6. What is i(l)?
-6
Let x(k) = 4*k**2 + 4. Let h(a) = 18*a**2 + 3 - 15*a**2 + 0. Let y(g) = -3*h(g) + 2*x(g). What is y(-4)?
-17
Let s(z) = z**2 - 6*z - 38. Let m be s(-4). Let l(a) = 117*a**2 - 44*a**m - 35*a**2 - 37*a**2 - 8*a. Calculate l(8).
0
Let b(d) be the first derivative of -5*d**2/2 - 2*d - 1. Suppose 5*m - 10 = -5*h, 0 = -17*h + 20*h - 4*m - 6. Suppose 3*i + h*i - 10 = 0. Give b(i).
-12
Let h(g) = g**3 + g - 7. Let a(k) = -k**3 - 2*k**2 + 5. Let w(x) = 3*a(x) + 4*h(x). What is w(6)?
11
Let h(c) = -8*c + 1. Let u = 112 - 132. Let k be u/10*(-178)/4. Let p = k - 88. Calculate h(p).
-7
Let r(a) be the second derivative of -a**4/12 - a**3/3 + 2*a**2 - 89*a - 1. Calculate r(-3).
1
Let w(s) = 5*s + 8*s**2 - 2*s - 1 + s**3 - 4. Let g(j) = 8*j - 73. Let v be g(-41). Let l = -408 - v. Determine w(l).
23
Let z(h) = -2*h**3 - 109*h**2 + 167*h - 52. Let r be z(-56). Let j(p) = p**3 + 2*p - 8. What is j(r)?
64
Suppose 9*k - 53 = 2*k - 18. Let v(g) = -23*g + 107. Give v(k).
-8
Let l(p) = -2*p**3 + 13*p**2 + 8*p + 1. Suppose 14*u - 22*u + 56 = 0. Determine l(u).
8
Let t(l) = -5*l**2 - 43 + 38 - 3*l**3 - 296*l + 5*l**3 + 296*l. Determine t(0).
-5
Suppose 157 - 37 = 60*s. Let h(q) = 20*q - 8*q - 6 - 8*q + s. Calculate h(-12).
-52
Let y(m) = -m**3 + 4*m**2 + 10*m + 2. Let h(v) = 4*v**3 - 16*v**2 - 37*v - 9. Let j(x) = 4*h(x) + 15*y(x). Give j(4).
2
Let c(k) = -k**2 + 24*k - 55. Let y = -37828 - -37847. Calculate c(y).
40
Suppose -5*q - 2*l + 17 = -19, 2*l = q. Let x(z) = z**2 - 9*z - 7. Determine x(q).
-25
Suppose 0 = -2*c + 1 - 5. Let n(m) be the first derivative of -2*m**2 - 5*m - 83049. What is n(c)?
3
Suppose -4*q + 2313 = 5*q. Suppose 5*s + 237 = q. Let h(n) = -n**2 + 10*n - 6. Calculate h(s).
18
Suppose 2*j - 5*z - 57 = 0, -3*z - 2 + 19 = 2*j. Suppose -4*g - j = -4. Let o(v) = 4*v - 1. Let s(f) = -f**2 + 14*f - 2. Let b(n) = 3*o(n) - s(n). What is b(g)?
14
Let b(i) = i**2 - 10*i - 9. Suppose 2*r + c = 0, -r - 113*c = -112*c. Calculate b(r).
-9
Let s(m) = 2*m**3 + 36*m**2 - 4. Let a = -17559 - -17541. What is s(a)?
-4
Let z(o) = o**3 - 9*o**2 